Dec 02 07:01:44.594 INFO testing Hoggit/dcs_events against master#8940af3cea4a9a9deabcaf843b2f8cad9a83fc61 for beta-1.31-5
Dec 02 07:01:44.594 INFO running `"docker" "create" "-v" "/mnt/big/crater/work/local/target-dirs/beta-1.31-5/worker-1/master#8940af3cea4a9a9deabcaf843b2f8cad9a83fc61:/target:rw,Z" "-v" "/mnt/big/crater/work/local/test-source/worker-1/beta-1.31-5/master#8940af3cea4a9a9deabcaf843b2f8cad9a83fc61:/source:ro,Z" "-v" "/mnt/big/crater/work/local/cargo-home:/cargo-home:ro,Z" "-v" "/mnt/big/crater/work/local/rustup-home:/rustup-home:ro,Z" "-e" "USER_ID=1000" "-e" "SOURCE_DIR=/source" "-e" "USER_ID=1000" "-e" "CMD=cargo +8940af3cea4a9a9deabcaf843b2f8cad9a83fc61-alt build --frozen" "-e" "CARGO_TARGET_DIR=/target" "-e" "CARGO_INCREMENTAL=0" "-e" "RUST_BACKTRACE=full" "-e" "RUSTFLAGS=--cap-lints=warn" "-e" "CARGO_HOME=/cargo-home" "-e" "RUSTUP_HOME=/rustup-home" "-m" "1536M" "--network" "none" "crater"`
Dec 02 07:01:44.829 INFO [stdout] 697136a2c4487d0080391df62b19acb1465bde73dad60ce6370304f399fd9aa1
Dec 02 07:01:44.831 INFO running `"docker" "start" "-a" "697136a2c4487d0080391df62b19acb1465bde73dad60ce6370304f399fd9aa1"`
Dec 02 07:01:45.194 INFO [stderr] usermod: no changes
Dec 02 07:01:45.452 INFO [stderr]    Compiling proc-macro2 v0.4.21
Dec 02 07:01:45.456 INFO [stderr]    Compiling pear_codegen v0.1.0
Dec 02 07:01:45.456 INFO [stderr]    Compiling rocket_codegen v0.4.0-rc.1
Dec 02 07:01:45.458 INFO [stderr]    Compiling rocket v0.4.0-rc.1
Dec 02 07:01:45.458 INFO [stderr]    Compiling rocket_contrib_codegen v0.4.0-rc.1
Dec 02 07:01:45.471 INFO [stderr]    Compiling mio-extras v2.0.5
Dec 02 07:01:45.471 INFO [stderr]    Compiling cookie v0.11.0
Dec 02 07:01:45.473 INFO [stderr]    Compiling inotify v0.6.1
Dec 02 07:01:45.671 INFO [stderr] error: failed to run custom build command for `pear_codegen v0.1.0`
Dec 02 07:01:45.671 INFO [stderr] process didn't exit successfully: `/target/debug/build/pear_codegen-bd368338e8a8988c/build-script-build` (exit code: 101)
Dec 02 07:01:45.671 INFO [stderr] --- stderr
Dec 02 07:01:45.671 INFO [stderr] [1;31mError:[0m [37mPear requires a nightly or dev version of Rust.[0m
Dec 02 07:01:45.671 INFO [stderr] [37mInstalled version is:[0m [33m1.31.0-beta.20 (2018-11-30)[0m. [37mMinimum required:[0m [33m1.31.0-nightly (2018-10-05)[0m.
Dec 02 07:01:45.671 INFO [stderr] thread 'main' panicked at 'Aborting compilation due to incompatible compiler.', /cargo-home/registry/src/github.com-1ecc6299db9ec823/pear_codegen-0.1.0/build.rs:31:13
Dec 02 07:01:45.671 INFO [stderr] stack backtrace:
Dec 02 07:01:45.671 INFO [stderr]    0:     0x55625cf1827f - std::sys::unix::backtrace::tracing::imp::unwind_backtrace::h3a8b83e1922cbdde
Dec 02 07:01:45.671 INFO [stderr]                                at libstd/sys/unix/backtrace/tracing/gcc_s.rs:49
Dec 02 07:01:45.671 INFO [stderr]    1:     0x55625cf23c57 - std::sys_common::backtrace::print::h00d3155a29b4020f
Dec 02 07:01:45.671 INFO [stderr]                                at libstd/sys_common/backtrace.rs:71
Dec 02 07:01:45.671 INFO [stderr]                                at libstd/sys_common/backtrace.rs:59
Dec 02 07:01:45.671 INFO [stderr]    2:     0x55625cf1cb1f - std::panicking::default_hook::{{closure}}::hd7465c742e79e1bb
Dec 02 07:01:45.671 INFO [stderr]                                at libstd/panicking.rs:211
Dec 02 07:01:45.671 INFO [stderr]    3:     0x55625cf1c884 - std::panicking::default_hook::h9e3966f2aa2a6e12
Dec 02 07:01:45.671 INFO [stderr]                                at libstd/panicking.rs:227
Dec 02 07:01:45.671 INFO [stderr]    4:     0x55625cf1d14e - std::panicking::rust_panic_with_hook::h587f091ae747d080
Dec 02 07:01:45.671 INFO [stderr]                                at libstd/panicking.rs:476
Dec 02 07:01:45.671 INFO [stderr]    5:     0x55625ceeecb3 - std::panicking::begin_panic::h8ef5bad2b20a936e
Dec 02 07:01:45.671 INFO [stderr]                                at libstd/panicking.rs:410
Dec 02 07:01:45.671 INFO [stderr]    6:     0x55625ceecd78 - build_script_build::main::h7433a0dd1ba1de20
Dec 02 07:01:45.671 INFO [stderr]                                at /cargo-home/registry/src/github.com-1ecc6299db9ec823/pear_codegen-0.1.0/build.rs:31
Dec 02 07:01:45.671 INFO [stderr]    7:     0x55625ceef59f - std::rt::lang_start::{{closure}}::he8c224e7e4b2891b
Dec 02 07:01:45.671 INFO [stderr]                                at libstd/rt.rs:74
Dec 02 07:01:45.671 INFO [stderr]    8:     0x55625cf1cbc2 - std::panicking::try::do_call::h52e7f80ff0fdcc45
Dec 02 07:01:45.671 INFO [stderr]                                at libstd/rt.rs:59
Dec 02 07:01:45.671 INFO [stderr]                                at libstd/panicking.rs:310
Dec 02 07:01:45.671 INFO [stderr]    9:     0x55625cf2ec09 - __rust_maybe_catch_panic
Dec 02 07:01:45.671 INFO [stderr]                                at libpanic_unwind/lib.rs:102
Dec 02 07:01:45.671 INFO [stderr]   10:     0x55625cf0c8da - std::rt::lang_start_internal::h38cae898de7f805c
Dec 02 07:01:45.671 INFO [stderr]                                at libstd/panicking.rs:289
Dec 02 07:01:45.671 INFO [stderr]                                at libstd/panic.rs:392
Dec 02 07:01:45.671 INFO [stderr]                                at libstd/rt.rs:58
Dec 02 07:01:45.671 INFO [stderr]   11:     0x55625ceef578 - std::rt::lang_start::h3fec66f0be162b1a
Dec 02 07:01:45.671 INFO [stderr]                                at libstd/rt.rs:74
Dec 02 07:01:45.671 INFO [stderr]   12:     0x55625ceedc49 - main
Dec 02 07:01:45.671 INFO [stderr]   13:     0x7fe06e2da82f - __libc_start_main
Dec 02 07:01:45.671 INFO [stderr]   14:     0x55625ceec658 - _start
Dec 02 07:01:45.671 INFO [stderr]   15:                0x0 - <unknown>
Dec 02 07:01:45.671 INFO [stderr] 
Dec 02 07:01:45.671 INFO [stderr] warning: build failed, waiting for other jobs to finish...
Dec 02 07:01:45.711 INFO [stderr] error: failed to run custom build command for `rocket_codegen v0.4.0-rc.1`
Dec 02 07:01:45.711 INFO [stderr] process didn't exit successfully: `/target/debug/build/rocket_codegen-ca8e9f57aa790eda/build-script-build` (exit code: 101)
Dec 02 07:01:45.711 INFO [stderr] --- stderr
Dec 02 07:01:45.711 INFO [stderr] [1;31mError:[0m [37mRocket requires a nightly or dev version of Rust.[0m
Dec 02 07:01:45.711 INFO [stderr] [37mInstalled version is:[0m [33m1.31.0-beta.20 (2018-11-30)[0m. [37mMinimum required:[0m [33m1.31.0-nightly (2018-10-05)[0m.
Dec 02 07:01:45.711 INFO [stderr] [34mSee the getting started guide ([0m[37mhttps://rocket.rs/v0.4/guide/getting-started/[0m[34m) for more information.[0m
Dec 02 07:01:45.711 INFO [stderr] thread 'main' panicked at 'Aborting compilation due to incompatible compiler.', /cargo-home/registry/src/github.com-1ecc6299db9ec823/rocket_codegen-0.4.0-rc.1/build.rs:38:13
Dec 02 07:01:45.711 INFO [stderr] stack backtrace:
Dec 02 07:01:45.711 INFO [stderr]    0:     0x563095a464bf - std::sys::unix::backtrace::tracing::imp::unwind_backtrace::h3a8b83e1922cbdde
Dec 02 07:01:45.711 INFO [stderr]                                at libstd/sys/unix/backtrace/tracing/gcc_s.rs:49
Dec 02 07:01:45.711 INFO [stderr]    1:     0x563095a51e97 - std::sys_common::backtrace::print::h00d3155a29b4020f
Dec 02 07:01:45.711 INFO [stderr]                                at libstd/sys_common/backtrace.rs:71
Dec 02 07:01:45.711 INFO [stderr]                                at libstd/sys_common/backtrace.rs:59
Dec 02 07:01:45.711 INFO [stderr]    2:     0x563095a4ad5f - std::panicking::default_hook::{{closure}}::hd7465c742e79e1bb
Dec 02 07:01:45.711 INFO [stderr]                                at libstd/panicking.rs:211
Dec 02 07:01:45.711 INFO [stderr]    3:     0x563095a4aac4 - std::panicking::default_hook::h9e3966f2aa2a6e12
Dec 02 07:01:45.711 INFO [stderr]                                at libstd/panicking.rs:227
Dec 02 07:01:45.711 INFO [stderr]    4:     0x563095a4b38e - std::panicking::rust_panic_with_hook::h587f091ae747d080
Dec 02 07:01:45.711 INFO [stderr]                                at libstd/panicking.rs:476
Dec 02 07:01:45.711 INFO [stderr]    5:     0x563095a1cef3 - std::panicking::begin_panic::h57ae6fabc0b1d81f
Dec 02 07:01:45.711 INFO [stderr]                                at libstd/panicking.rs:410
Dec 02 07:01:45.711 INFO [stderr]    6:     0x563095a1afb5 - build_script_build::main::hecc7a2344a5bee9f
Dec 02 07:01:45.711 INFO [stderr]                                at /cargo-home/registry/src/github.com-1ecc6299db9ec823/rocket_codegen-0.4.0-rc.1/build.rs:38
Dec 02 07:01:45.711 INFO [stderr]    7:     0x563095a1d7df - std::rt::lang_start::{{closure}}::h3acb9c6a1f440df0
Dec 02 07:01:45.711 INFO [stderr]                                at libstd/rt.rs:74
Dec 02 07:01:45.711 INFO [stderr]    8:     0x563095a4ae02 - std::panicking::try::do_call::h52e7f80ff0fdcc45
Dec 02 07:01:45.711 INFO [stderr]                                at libstd/rt.rs:59
Dec 02 07:01:45.711 INFO [stderr]                                at libstd/panicking.rs:310
Dec 02 07:01:45.711 INFO [stderr]    9:     0x563095a5ce49 - __rust_maybe_catch_panic
Dec 02 07:01:45.711 INFO [stderr]                                at libpanic_unwind/lib.rs:102
Dec 02 07:01:45.711 INFO [stderr]   10:     0x563095a3ab1a - std::rt::lang_start_internal::h38cae898de7f805c
Dec 02 07:01:45.711 INFO [stderr]                                at libstd/panicking.rs:289
Dec 02 07:01:45.711 INFO [stderr]                                at libstd/panic.rs:392
Dec 02 07:01:45.711 INFO [stderr]                                at libstd/rt.rs:58
Dec 02 07:01:45.711 INFO [stderr]   11:     0x563095a1d7b8 - std::rt::lang_start::hcc07bb0c4bac204a
Dec 02 07:01:45.711 INFO [stderr]                                at libstd/rt.rs:74
Dec 02 07:01:45.711 INFO [stderr]   12:     0x563095a1be89 - main
Dec 02 07:01:45.711 INFO [stderr]   13:     0x7fbc98fa682f - __libc_start_main
Dec 02 07:01:45.711 INFO [stderr]   14:     0x563095a1a658 - _start
Dec 02 07:01:45.711 INFO [stderr]   15:                0x0 - <unknown>
Dec 02 07:01:45.711 INFO [stderr] 
Dec 02 07:01:45.711 INFO [stderr] warning: build failed, waiting for other jobs to finish...
Dec 02 07:01:45.721 INFO [stderr] error: failed to run custom build command for `rocket_contrib_codegen v0.4.0-rc.1`
Dec 02 07:01:45.721 INFO [stderr] process didn't exit successfully: `/target/debug/build/rocket_contrib_codegen-c5407643a462b375/build-script-build` (exit code: 101)
Dec 02 07:01:45.721 INFO [stderr] --- stderr
Dec 02 07:01:45.722 INFO [stderr] [1;31mError:[0m [37mRocket requires a nightly or dev version of Rust.[0m
Dec 02 07:01:45.722 INFO [stderr] [37mInstalled version is:[0m [33m1.31.0-beta.20 (2018-11-30)[0m. [37mMinimum required:[0m [33m1.31.0-nightly (2018-10-05)[0m.
Dec 02 07:01:45.722 INFO [stderr] [34mSee the getting started guide ([0m[37mhttps://rocket.rs/v0.4/guide/getting-started/[0m[34m) for more information.[0m
Dec 02 07:01:45.722 INFO [stderr] thread 'main' panicked at 'Aborting compilation due to incompatible compiler.', /cargo-home/registry/src/github.com-1ecc6299db9ec823/rocket_contrib_codegen-0.4.0-rc.1/build.rs:38:13
Dec 02 07:01:45.722 INFO [stderr] stack backtrace:
Dec 02 07:01:45.722 INFO [stderr]    0:     0x55abfabc34bf - std::sys::unix::backtrace::tracing::imp::unwind_backtrace::h3a8b83e1922cbdde
Dec 02 07:01:45.722 INFO [stderr]                                at libstd/sys/unix/backtrace/tracing/gcc_s.rs:49
Dec 02 07:01:45.722 INFO [stderr]    1:     0x55abfabcee97 - std::sys_common::backtrace::print::h00d3155a29b4020f
Dec 02 07:01:45.722 INFO [stderr]                                at libstd/sys_common/backtrace.rs:71
Dec 02 07:01:45.722 INFO [stderr]                                at libstd/sys_common/backtrace.rs:59
Dec 02 07:01:45.722 INFO [stderr]    2:     0x55abfabc7d5f - std::panicking::default_hook::{{closure}}::hd7465c742e79e1bb
Dec 02 07:01:45.722 INFO [stderr]                                at libstd/panicking.rs:211
Dec 02 07:01:45.722 INFO [stderr]    3:     0x55abfabc7ac4 - std::panicking::default_hook::h9e3966f2aa2a6e12
Dec 02 07:01:45.722 INFO [stderr]                                at libstd/panicking.rs:227
Dec 02 07:01:45.722 INFO [stderr]    4:     0x55abfabc838e - std::panicking::rust_panic_with_hook::h587f091ae747d080
Dec 02 07:01:45.722 INFO [stderr]                                at libstd/panicking.rs:476
Dec 02 07:01:45.722 INFO [stderr]    5:     0x55abfab99ef3 - std::panicking::begin_panic::h901edc81a04cdd22
Dec 02 07:01:45.722 INFO [stderr]                                at libstd/panicking.rs:410
Dec 02 07:01:45.722 INFO [stderr]    6:     0x55abfab97fb5 - build_script_build::main::h34491dc7af68aaf8
Dec 02 07:01:45.722 INFO [stderr]                                at /cargo-home/registry/src/github.com-1ecc6299db9ec823/rocket_contrib_codegen-0.4.0-rc.1/build.rs:38
Dec 02 07:01:45.722 INFO [stderr]    7:     0x55abfab9a7df - std::rt::lang_start::{{closure}}::h04871855b85a4a3c
Dec 02 07:01:45.722 INFO [stderr]                                at libstd/rt.rs:74
Dec 02 07:01:45.722 INFO [stderr]    8:     0x55abfabc7e02 - std::panicking::try::do_call::h52e7f80ff0fdcc45
Dec 02 07:01:45.722 INFO [stderr]                                at libstd/rt.rs:59
Dec 02 07:01:45.722 INFO [stderr]                                at libstd/panicking.rs:310
Dec 02 07:01:45.722 INFO [stderr]    9:     0x55abfabd9e49 - __rust_maybe_catch_panic
Dec 02 07:01:45.722 INFO [stderr]                                at libpanic_unwind/lib.rs:102
Dec 02 07:01:45.722 INFO [stderr]   10:     0x55abfabb7b1a - std::rt::lang_start_internal::h38cae898de7f805c
Dec 02 07:01:45.722 INFO [stderr]                                at libstd/panicking.rs:289
Dec 02 07:01:45.722 INFO [stderr]                                at libstd/panic.rs:392
Dec 02 07:01:45.722 INFO [stderr]                                at libstd/rt.rs:58
Dec 02 07:01:45.722 INFO [stderr]   11:     0x55abfab9a7b8 - std::rt::lang_start::h0ee1ade9f62a0a17
Dec 02 07:01:45.722 INFO [stderr]                                at libstd/rt.rs:74
Dec 02 07:01:45.722 INFO [stderr]   12:     0x55abfab98e89 - main
Dec 02 07:01:45.722 INFO [stderr]   13:     0x7f6708d9082f - __libc_start_main
Dec 02 07:01:45.722 INFO [stderr]   14:     0x55abfab97658 - _start
Dec 02 07:01:45.722 INFO [stderr]   15:                0x0 - <unknown>
Dec 02 07:01:45.722 INFO [stderr] 
Dec 02 07:01:45.722 INFO [stderr] warning: build failed, waiting for other jobs to finish...
Dec 02 07:01:45.738 INFO [stderr] error: failed to run custom build command for `rocket v0.4.0-rc.1`
Dec 02 07:01:45.738 INFO [stderr] process didn't exit successfully: `/target/debug/build/rocket-fd1bd1a0b042446b/build-script-build` (exit code: 101)
Dec 02 07:01:45.738 INFO [stderr] --- stderr
Dec 02 07:01:45.738 INFO [stderr] [1;31mError:[0m [37mRocket requires a nightly or dev version of Rust.[0m
Dec 02 07:01:45.738 INFO [stderr] [37mInstalled version is:[0m [33m1.31.0-beta.20 (2018-11-30)[0m. [37mMinimum required:[0m [33m1.31.0-nightly (2018-10-05)[0m.
Dec 02 07:01:45.738 INFO [stderr] [34mSee the getting started guide ([0m[37mhttps://rocket.rs/v0.4/guide/getting-started/[0m[34m) for more information.[0m
Dec 02 07:01:45.738 INFO [stderr] thread 'main' panicked at 'Aborting compilation due to incompatible compiler.', /cargo-home/registry/src/github.com-1ecc6299db9ec823/rocket-0.4.0-rc.1/build.rs:38:13
Dec 02 07:01:45.738 INFO [stderr] stack backtrace:
Dec 02 07:01:45.738 INFO [stderr]    0:     0x56399288b4bf - std::sys::unix::backtrace::tracing::imp::unwind_backtrace::h3a8b83e1922cbdde
Dec 02 07:01:45.738 INFO [stderr]                                at libstd/sys/unix/backtrace/tracing/gcc_s.rs:49
Dec 02 07:01:45.738 INFO [stderr]    1:     0x563992896e97 - std::sys_common::backtrace::print::h00d3155a29b4020f
Dec 02 07:01:45.738 INFO [stderr]                                at libstd/sys_common/backtrace.rs:71
Dec 02 07:01:45.738 INFO [stderr]                                at libstd/sys_common/backtrace.rs:59
Dec 02 07:01:45.738 INFO [stderr]    2:     0x56399288fd5f - std::panicking::default_hook::{{closure}}::hd7465c742e79e1bb
Dec 02 07:01:45.738 INFO [stderr]                                at libstd/panicking.rs:211
Dec 02 07:01:45.738 INFO [stderr]    3:     0x56399288fac4 - std::panicking::default_hook::h9e3966f2aa2a6e12
Dec 02 07:01:45.738 INFO [stderr]                                at libstd/panicking.rs:227
Dec 02 07:01:45.738 INFO [stderr]    4:     0x56399289038e - std::panicking::rust_panic_with_hook::h587f091ae747d080
Dec 02 07:01:45.738 INFO [stderr]                                at libstd/panicking.rs:476
Dec 02 07:01:45.738 INFO [stderr]    5:     0x563992861ef3 - std::panicking::begin_panic::hc20d482f5ff8e064
Dec 02 07:01:45.738 INFO [stderr]                                at libstd/panicking.rs:410
Dec 02 07:01:45.738 INFO [stderr]    6:     0x56399285ffb5 - build_script_build::main::hccb12ee5c437e988
Dec 02 07:01:45.738 INFO [stderr]                                at /cargo-home/registry/src/github.com-1ecc6299db9ec823/rocket-0.4.0-rc.1/build.rs:38
Dec 02 07:01:45.738 INFO [stderr]    7:     0x5639928627df - std::rt::lang_start::{{closure}}::hd9ef161f486ad1ce
Dec 02 07:01:45.738 INFO [stderr]                                at libstd/rt.rs:74
Dec 02 07:01:45.738 INFO [stderr]    8:     0x56399288fe02 - std::panicking::try::do_call::h52e7f80ff0fdcc45
Dec 02 07:01:45.738 INFO [stderr]                                at libstd/rt.rs:59
Dec 02 07:01:45.738 INFO [stderr]                                at libstd/panicking.rs:310
Dec 02 07:01:45.738 INFO [stderr]    9:     0x5639928a1e49 - __rust_maybe_catch_panic
Dec 02 07:01:45.738 INFO [stderr]                                at libpanic_unwind/lib.rs:102
Dec 02 07:01:45.738 INFO [stderr]   10:     0x56399287fb1a - std::rt::lang_start_internal::h38cae898de7f805c
Dec 02 07:01:45.738 INFO [stderr]                                at libstd/panicking.rs:289
Dec 02 07:01:45.739 INFO [stderr]                                at libstd/panic.rs:392
Dec 02 07:01:45.739 INFO [stderr]                                at libstd/rt.rs:58
Dec 02 07:01:45.739 INFO [stderr]   11:     0x5639928627b8 - std::rt::lang_start::h603d5443949cafa2
Dec 02 07:01:45.739 INFO [stderr]                                at libstd/rt.rs:74
Dec 02 07:01:45.739 INFO [stderr]   12:     0x563992860e89 - main
Dec 02 07:01:45.739 INFO [stderr]   13:     0x7fda9e72d82f - __libc_start_main
Dec 02 07:01:45.739 INFO [stderr]   14:     0x56399285f658 - _start
Dec 02 07:01:45.739 INFO [stderr]   15:                0x0 - <unknown>
Dec 02 07:01:45.739 INFO [stderr] 
Dec 02 07:01:45.739 INFO [stderr] warning: build failed, waiting for other jobs to finish...
Dec 02 07:01:50.457 INFO [stderr] error: build failed
Dec 02 07:01:50.459 INFO [stderr] su: No module specific data is present
Dec 02 07:01:51.267 INFO running `"docker" "inspect" "697136a2c4487d0080391df62b19acb1465bde73dad60ce6370304f399fd9aa1"`
Dec 02 07:01:51.604 INFO running `"docker" "rm" "-f" "697136a2c4487d0080391df62b19acb1465bde73dad60ce6370304f399fd9aa1"`
Dec 02 07:01:51.911 INFO [stdout] 697136a2c4487d0080391df62b19acb1465bde73dad60ce6370304f399fd9aa1
